).
-47
Let w(n) = -5*n**2 - 151*n - 1116. Give w(-17).
6
Let n(d) = -354*d + 4236. What is n(12)?
-12
Let y(p) = -2*p**2 - 2950*p - 14717. What is y(-5)?
-17
Let l(h) = -6*h - 220. Give l(-36).
-4
Let k(f) = f**3 - 9*f**2 - 111*f - 1. What is k(-5)?
204
Let c(k) = -k**3 - 16*k**2 + 17*k - 2. Give c(-17).
-2
Let r(d) = -107*d - 833. Calculate r(-8).
23
Let b(s) = s**2 + 257*s - 1565. Calculate b(6).
13
Let b(l) = -3*l**3 + 4*l**2 - 12*l + 3. Calculate b(2).
-29
Let j(p) = -2*p**2 - 323*p + 833. Determine j(-164).
13
Let b(l) = 6*l**3 + 73*l**2 - 70*l + 18. What is b(-13)?
83
Let n(w) = 2*w**2 - 40*w - 119. Calculate n(-3).
19
Let t(x) = -x**2 + 6*x + 9203. Determine t(99).
-4
Let l(p) = 2268*p + 22692. Give l(-10).
12
Let y(k) = -21*k - 144. What is y(-12)?
108
Let m(n) = 3*n**2 - 65*n + 44. What is m(21)?
2
Let o(t) = 6*t**2 + 160*t + 263. Determine o(-25).
13
Let q(c) = c**2 - 22*c - 53. Determine q(24).
-5
Let c(i) = 12*i + 57. Calculate c(-8).
-39
Let j(t) = -1634*t + 3092. Calculate j(2).
-176
Let a(f) = 2*f**2 - 76*f + 122. What is a(36)?
-22
Let f(a) = -a**2 - 444*a - 47911. Calculate f(-259).
4
Let m(z) = 48*z - 204. Determine m(4).
-12
Let k(q) = -1860*q - 5572. Determine k(-3).
8
Let z(c) = 138*c - 110. Calculate z(4).
442
Let m(w) = 3*w**2 - 80*w + 494. Determine m(10).
-6
Let h(a) = 5*a**2 - 14*a - 59. Determine h(7).
88
Let h(p) = p**2 + 9*p - 1214. What is h(31)?
26
Let o(i) = 65*i - 709. Determine o(9).
-124
Let v(n) = 2*n**2 - 63*n + 272. Give v(11).
-179
Let a(j) = -16*j - 193. Determine a(-22).
159
Let y(g) = 376*g - 77461. Give y(206).
-5
Let k(n) = 4*n**3 + 98*n**2 + 345*n + 6. Calculate k(-4).
-62
Let w(j) = 3*j**2 - 86*j + 616. Determine w(13).
5
Let j(v) = 130*v + 18. Calculate j(0).
18
Let q(b) = -149*b**2 - 1052*b - 1. Give q(-7).
62
Let n(p) = -p**2 - 89*p + 5901. Determine n(-133).
49
Let l(i) = -3*i**3 - i**2 + i + 9. Give l(3).
-78
Let s(l) = -10*l**2 - 678*l + 693. Give s(1).
5
Let a(t) = -t**2 - 109*t - 2599. Calculate a(-74).
-9
Let t(b) = 80*b + 325. Give t(-4).
5
Let i(f) = 542*f + 535. Give i(-1).
-7
Let u(d) = -3*d**3 + 5*d**2 - 10*d + 13. Give u(4).
-139
Let y(t) = 111*t - 5214. Give y(47).
3
Let x(o) = -2*o**3 + 40*o**2 + 55*o + 159. Determine x(21).
432
Let n(i) = -i**3 + 38*i**2 - 39*i + 58. Determine n(37).
-16
Let w(z) = -3*z**2 + 251*z - 2199. Determine w(10).
11
Let k(h) = h**3 + 13*h**2 + 17*h - 2. Determine k(-5).
113
Let x(s) = 23*s - 23. What is x(-7)?
-184
Let w(c) = -83*c - 8823. Calculate w(-107).
58
Let r(u) = 30*u + 154. Calculate r(-5).
4
Let y(v) = 12*v + 623. What is y(-48)?
47
Let r(g) = -2*g**3 + g**2 - 43*g + 82. Calculate r(2).
-16
Let c(v) = -v**2 + 44*v - 70. Calculate c(6).
158
Let s(x) = -24*x - 91. Determine s(-5).
29
Let g(v) = v**2 - 20*v - 62. Calculate g(21).
-41
Let r(l) = -21*l**3 - 5*l**2 - 13*l + 34. Give r(2).
-180
Let n(d) = d**3 - 2*d**2 - 10*d + 73. Calculate n(6).
157
Let h(n) = -7*n**2 - 4*n - 69. Determine h(-8).
-485
Let p(l) = -l**2 - 222*l - 12326. Determine p(-113).
-9
Let x(w) = -w**3 - 34*w**2 - 289*w - 17. What is x(-17)?
-17
Let r(z) = -105*z**2 - 1560*z - 2. Calculate r(-15).
-227
Let f(x) = 2193*x + 6573. Calculate f(-3).
-6
Let v(m) = 5*m**2 + 45*m + 28. Determine v(-11).
138
Let s(t) = -t**3 + 5*t**2 + t + 1. Calculate s(6).
-29
Let f(q) = 2*q**3 - 95*q**2 + 60*q - 529. What is f(47)?
82
Let d(p) = 19*p**2 - 63*p - 24. Determine d(4).
28
Let r(f) = -f**2 - 146*f + 606. Give r(4).
6
Let q(z) = 24*z - 1253. Calculate q(58).
139
Let g(f) = -262*f**2 + 1303*f - 4. Calculate g(5).
-39
Let s(m) = 71*m + 244. Give s(-4).
-40
Let n(m) = m**2 + 3457*m - 2. Determine n(0).
-2
Let d(m) = m**2 - 8*m + 45. Determine d(5).
30
Let k(b) = -b**3 + 70*b**2 - 265*b + 81. Calculate k(66).
15
Let r(z) = 27*z**2 + 38*z + 40. What is r(-2)?
72
Let c(u) = 2*u**3 + 4*u**2 + 55*u + 312. Determine c(-5).
-113
Let g(f) = -276*f**3 - 4*f**2 + 4*f - 2. Determine g(1).
-278
Let t(q) = -q**3 - 20*q**2 - 32*q - 255. What is t(-19)?
-8
Let p(d) = 19*d**2 + 323*d - 13. Calculate p(-17).
-13
Let s(x) = x**2 - 41*x - 231. What is s(46)?
-1
Let i(y) = -249*y + 930. Determine i(4).
-66
Let c(p) = -p**3 + 75*p**2 + 1458*p - 194. Calculate c(91).
-12
Let w(b) = 10*b + 29. Give w(-26).
-231
Let b(t) = t**3 - 16*t**2 + 12*t + 45. Calculate b(15).
0
Let n(p) = -p**2 - 66*p + 5488. What is n(48)?
16
Let a(j) = 70*j**2 - 2443*j - 264. What is a(35)?
-19
Let w(h) = -16*h - 561. Determine w(-36).
15
Let z(r) = -r**3 - 14*r**2 - 67*r - 269. What is z(-10)?
1
Let z(r) = -r**3 + 15*r**2 - 26*r + 186. Give z(15).
-204
Let o(t) = 44*t + 113. Give o(-3).
-19
Let m(r) = r**3 + 27*r**2 - 65*r - 198. Give m(-29).
5
Let v(b) = -b**2 - 72*b + 1019. Give v(-82).
199
Let p(y) = -y**3 - 28*y**2 - 72*y - 1187. Give p(-27).
28
Let l(n) = -59*n - 30. Give l(-1).
29
Let x(s) = 7*s**2 + 16*s + 111. Calculate x(-8).
431
Let r(v) = -260*v - 265. What is r(-1)?
-5
Let a(z) = 53*z + 74. Give a(-8).
-350
Let s(y) = -y**3 + 10*y**2 + 21*y + 22. What is s(12)?
-14
Let j(g) = -8*g**2 - 30*g + 271. Determine j(-8).
-1
Let v(u) = -66*u + 10818. Give v(164).
-6
Let y(v) = -v**2 + 36*v - 314. What is y(20)?
6
Let q(n) = n**3 + 22*n**2 + 119*n - 9. What is q(-12)?
3
Let n(d) = -d**2 - 30*d - 222. Calculate n(-16).
2
Let k(c) = 2*c**2 + 74*c + 498. Determine k(-9).
-6
Let b(v) = -1328*v + 1436. Give b(1).
108
Let f(h) = -142*h + 7528. Determine f(53).
2
Let y(a) = a**3 + 94*a**2 + 95*a + 191. Give y(-93).
5
Let r(l) = l**3 - 28*l**2 - 5132*l + 43. Determine r(-59).
-16
Let n(g) = -g**2 + 63*g - 748. Calculate n(45).
62
Let r(a) = 35*a - 92. Determine r(5).
83
Let a(y) = 6*y**2 + 110*y + 35. Calculate a(-18).
-1
Let c(b) = -b**2 + 129*b + 27711. Give c(243).
9
Let g(r) = -52*r - 2660. Determine g(-57).
304
Let l(u) = -3*u**2 + 324*u + 2446. Give l(115).
31
Let z(f) = -f**3 - 5*f**2 + 22*f + 42. Determine z(-6).
-54
Let t(d) = -4*d**2 - 19*d + 28. Calculate t(-7).
-35
Let p(x) = -103*x + 6382. What is p(62)?
-4
Let w(b) = -241*b - 1737. Calculate w(-7).
-50
Let r(j) = 12*j**2 + 202*j + 18. Determine r(-17).
52
Let f(o) = 404*o - 83233. Calculate f(206).
-9
Let i(d) = -7*d - 21. What is i(3)?
-42
Let u(t) = 29*t + 403. What is u(-11)?
84
Let v(b) = -583*b + 14541. What is v(25)?
-34
Let q(v) = -19*v - 13. Calculate q(-15).
272
Let h(k) = -k**3 + 153*k**2 + 956*k - 317. What is h(159)?
1
Let f(h) = h**2 - 164*h + 3570. Give f(139).
95
Let r(d) = -d**2 - 33*d + 292. Give r(-46).
-306
Let w(d) = 55*d - 86. Give w(0).
-86
Let c(x) = -98*x**2 + 8136*x - 161. Determine c(83).
5
Let l(x) = 4*x**2 + 35*x + 65. Calculate l(-22).
1231
Let d(r) = -287*r + 2867. Determine d(10).
-3
Let x(h) = h**2 - 61*h + 722. Calculate x(15).
32
Let i(n) = 9*n**2 - 42*n - 2. Give i(4).
-26
Let x(m) = -m**2 - 2*m + 72. Determine x(0).
72
Let l(y) = 1528*y - 7733. Determine l(5).
-93
Let l(g) = 8*g**2 + 15*g - 30. Determine l(2).
32
Let g(j) = -j**3 - 274*j**2 - 1056*j + 6475. Give g(-270).
-5
Let g(n) = -n - 5. What is g(3)?
-8
Let x(b) = b**2 + 21*b - 907. What is x(-42)?
-25
Let a(y) = 5*y**2 - 112*y - 34. Calculate a(23).
35
Let h(m) = -m**2 + 2288*m + 13758. Determine h(-6).
-6
Let u(x) = x**3 - 28*x**2 + 134*x - 437. Determine u(23).
0
Let k(v) = -3*v**3 - 14*v**2 - 9*v + 4. Calculate k(-6).
202
Let y(j) = -34*j**2 + 3498*j + 351. Calculate y(103).
-61
Let g(s) = 3*s**3 - 6*s**2 + 6*s - 3. Give g(4).
117
Let x(a) = 3*a - 287. Give x(31).
-194
Let b(p) = -10871*p + 260900. Determine b(24).
-4
Let q(g) = -384*g - 2687. Calculate q(-7).
1
Let m(f) = 60*f**2 - 6*f + 128. Give m(0).
128
Let c(j) = 4*j**2 - j - 5. Give c(-6).
145
Let n(q) = -36*q**2 - 1906*q + 36. Calculate n(-53).
-70
Let f(l) = 134*l + 256. What is f(-6)?
-548
Let h(l) = 2*l**2 + 3915*l - 6. Determine h(0).
-6
Let m(s) = 2*s**3 + 9*s**2 + 7*s - 10. Determine m(-5).
-70
Let q(c) = -c**2 + c + 2. Give q(8).
-54
Let i(a) = 5*a**2 + 50*a + 121. Determine i(-3).
16
Let j(m) = m**3 + 111*m**2 + 217*m - 97. Calculate j(-109).
12
Let g(l) = l**3 + 124*l**2 + 242*l - 252. Calculate g(-122).
-8
Let f(i) = -31*i**2 + 99*i + 95. What is f(4)?
-5
Let d(o) = 7*o**2 + 120*o - 106. Give d(-18).
2
Let k(w) = -7*w**2 + 165*w - 458. Calculate k(3).
-26
Let h(z) = -2*z**3 - 20*z**2 - 19*z + 100. Determine h(-8)